ctors of 1043960.
2, 5, 26099
List the prime factors of 6260760.
2, 3, 5, 11, 17, 31
What are the prime factors of 4934178?
2, 3, 274121
List the prime factors of 1657423.
1249, 1327
List the prime factors of 15783577.
151, 104527
List the prime factors of 1692512.
2, 227, 233
List the prime factors of 1786461.
3, 59, 10093
What are the prime factors of 1461058?
2, 199, 3671
What are the prime factors of 416691?
3, 11, 23, 61
What are the prime factors of 379787?
379787
List the prime factors of 311586.
2, 3, 11, 4721
What are the prime factors of 68422?
2, 34211
What are the prime factors of 2676952?
2, 334619
What are the prime factors of 5362346?
2, 11, 71, 3433
List the prime factors of 20365.
5, 4073
List the prime factors of 286234.
2, 13, 101, 109
List the prime factors of 6934708.
2, 11, 17, 73, 127
List the prime factors of 13504595.
5, 13, 207763
List the prime factors of 973202.
2, 486601
List the prime factors of 25754367.
3, 19, 451831
What are the prime factors of 114499?
7, 11, 1487
What are the prime factors of 3504834?
2, 3, 194713
List the prime factors of 13340511.
3, 494093
What are the prime factors of 3473038?
2, 1736519
List the prime factors of 3305417.
3305417
List the prime factors of 10376832.
2, 3, 61, 443
List the prime factors of 2427770.
2, 5, 17, 14281
What are the prime factors of 5010897?
3, 41, 40739
List the prime factors of 6070990.
2, 5, 47, 12917
List the prime factors of 25471203.
3, 8490401
List the prime factors of 12914.
2, 11, 587
List the prime factors of 872333.
7, 11, 11329
What are the prime factors of 382844?
2, 7, 11, 113
What are the prime factors of 2709477?
3, 17, 5903
List the prime factors of 6867805.
5, 7, 317, 619
What are the prime factors of 5162424?
2, 3, 17, 12653
List the prime factors of 5780967.
3, 113, 17053
What are the prime factors of 903040?
2, 5, 17, 83
List the prime factors of 176769.
3, 6547
What are the prime factors of 55682?
2, 11, 2531
What are the prime factors of 558649?
7, 13, 877
List the prime factors of 227075.
5, 31, 293
List the prime factors of 1346346.
2, 3, 74797
What are the prime factors of 13550683?
17, 67, 11897
What are the prime factors of 8506316?
2, 7, 13, 23369
What are the prime factors of 3476431?
7, 41, 12113
List the prime factors of 8706351.
3, 19, 23, 29, 229
What are the prime factors of 241477?
23, 10499
List the prime factors of 2277421.
89, 25589
What are the prime factors of 806883?
3, 7, 11, 499
List the prime factors of 37486421.
7, 359, 2131
What are the prime factors of 24692754?
2, 3, 23, 178933
List the prime factors of 246552.
2, 3, 10273
List the prime factors of 77928.
2, 3, 17, 191
What are the prime factors of 483737?
227, 2131
List the prime factors of 323143.
59, 5477
List the prime factors of 670322.
2, 335161
What are the prime factors of 714216?
2, 3, 29759
What are the prime factors of 2752159?
67, 41077
What are the prime factors of 4967212?
2, 73, 17011
What are the prime factors of 4831190?
2, 5, 7, 13, 5309
List the prime factors of 4098823.
37, 47, 2357
What are the prime factors of 4085430?
2, 3, 5, 43, 3167
What are the prime factors of 73083?
3, 17, 1433
List the prime factors of 4763071.
4763071
What are the prime factors of 1474099?
11, 29, 4621
List the prime factors of 180802.
2, 90401
List the prime factors of 4165313.
19, 41, 5347
List the prime factors of 20969018.
2, 7, 1497787
What are the prime factors of 1682201?
17, 98953
List the prime factors of 1395208.
2, 19, 67, 137
What are the prime factors of 2842599?
3, 37, 25609
What are the prime factors of 4377747?
3, 11, 53, 2503
What are the prime factors of 1012853?
59, 17167
List the prime factors of 5025772.
2, 109, 11527
List the prime factors of 15816.
2, 3, 659
List the prime factors of 4747933.
4747933
List the prime factors of 389642.
2, 11, 89, 199
What are the prime factors of 1884832?
2, 58901
What are the prime factors of 1717156?
2, 7, 8761
List the prime factors of 2044599.
3, 79, 8627
List the prime factors of 6310167.
3, 2103389
What are the prime factors of 11857581?
3, 23, 57283
List the prime factors of 3714112.
2, 131, 443
What are the prime factors of 86128?
2, 7, 769
What are the prime factors of 11219029?
37, 303217
List the prime factors of 6978963.
3, 1039, 2239
List the prime factors of 8726894.
2, 11, 37, 71, 151
What are the prime factors of 477311?
29, 109, 151
List the prime factors of 216626.
2, 89, 1217
List the prime factors of 2324294.
2, 7, 166021
List the prime factors of 2309197.
11, 209927
What are the prime factors of 4920598?
2, 2460299
What are the prime factors of 76059?
3, 313
List the prime factors of 12109024.
2, 378407
What are the prime factors of 6867919?
331, 20749
List the prime factors of 14136.
2, 3, 19, 31
List the prime factors of 1415401.
13, 108877
What are the prime factors of 16853?
19, 887
List the prime factors of 147647.
147647
List the prime factors of 11998562.
2, 503, 11927
List the prime factors of 3804098.
2, 1902049
What are the prime factors of 2277949?
17, 47, 2851
What are the prime factors of 205603?
205603
List the prime factors of 165229.
165229
List the prime factors of 973405.
5, 194681
What are the prime factors of 3906911?
3906911
List the prime factors of 806802.
2, 3, 47, 2861
What are the prime factors of 3430190?
2, 5, 343019
What are the prime factors of 109302?
2, 3, 18217
What are the prime factors of 10614309?
3, 3538103
What are the prime factors of 109498?
2, 53, 1033
What are the prime factors of 3091643?
3091643
What are the prime factors of 451898?
2, 225949
What are the prime factors of 770407?
11, 6367
What are the prime factors of 7022843?
23, 29, 10529
List the prime factors of 495081.
3, 55009
What are the prime factors of 305899?
11, 27809
What are the prime factors of 20331286?
2, 17, 283, 2113
What are the prime factors of 5046199?
5046199
List the prime factors of 2912676.
2, 3, 13, 18671
List the prime factors of 374282.
2, 187141
What are the prime factors of 581246?
2, 290623
What are the prime factors of 253621?
23, 11027
List the prime factors of 221217.
3, 19, 3881
List the prime factors of 9696507.
3, 367, 8807
List the prime factors of 144869.
317, 457
What are the prime factors of 34630755?
3, 5, 23, 100379
List the prime factors of 3810057.
3, 17, 74707
List the prime factors of 1038729.
3, 151, 2293
What are the prime factors of 1519973?
7, 13, 16703
What are the prime factors of 252449?
252449
What are the prime factors of 2837026?
2, 1418513
What are the prime factors of 698662?
2, 349331
List the prime factors of 226233.
3, 7, 19
What are the prime factors of 1427483?
1427483
List the prime factors of 7989170.
2, 5, 7, 61, 1871
List the prime factors of 17078629.
17078629
What are the prime factors of 1493033?
239, 6247
List the prime factors of 276068.
2, 13, 5309
List the prime factors of 14172117.
3, 23, 293, 701
List the prime factors of 300737.
311, 967
List the prime factors of 159468.
2, 3, 97, 137
List the prime factors of 217589.
31, 7019
What are the prime factors of 3587268?
2, 3, 233, 1283
List the prime factors of 2098146.
2, 3, 241, 1451
List the prime factors of 17682.
2, 3, 7, 421
What are the prime factors of 1338734?
2, 37, 79, 229
List the prime factors of 1249527.
3, 37, 11257
List the prime factors of 403774.
2, 7, 151, 191
List the prime factors of 1010242.
2, 17, 43, 691
What are the prime factors of 1761486?
2, 3, 173, 1697
List the prime factors of 248415.
3, 5, 16561
What are the prime factors of 2826000?
2, 3, 5, 157
What are the prime factors of 2325094?
2, 1162547
What are the prime factors of 64789?
67, 967
List the prime factors of 16240192.
2, 47, 5399
What are the prime factors of 486388?
2, 7, 29, 599
List the prime factors of 12632203.
557, 22679
What are the prime factors of 6784976?
2, 11, 19, 2029
What are the prime factors of 1326882?
2, 3, 281, 787
What are the prime factors of 26647664?
2, 1665479
What are the prime factors of 11753741?
11753741
List the prime factors of 834353.
13, 4937
What are the prime factors of 524766?
2, 3, 11, 7951
List the prime factors of 105298.
2, 17, 19, 163
What are the prime factors of 1383738?
2, 3, 211, 1093
What are the prime factors of 242733?
3, 80911
List the p